**2 + 15*q + 4. Let c be a(7). Suppose c*k - 654 - 281 = 0. Suppose -3*u + k = -53. What are the prime factors of u?
2, 23
Suppose 4*y = 2*c, -4*y - 7 = 1. Let d(j) = j**3 + 4*j**2 - 2*j - 9. Let i be d(c). What are the prime factors of (-35)/(4/(-3 + i))?
5, 7
Suppose 2*w + m = -3596, 2*m = -2*w - 656 - 2942. Let p = w + 2835. List the prime factors of p.
2, 3, 173
Let g = -32 + 35. Suppose -g*h + 143 = -4*a + 58, -140 = -5*h + 5*a. Suppose 3*i = 2*j - i - 30, 0 = j + i - h. What are the prime factors of j?
23
Let z(l) = -l**3 - 35*l**2 - 109*l - 632. List the prime factors of z(-40).
2, 733
Let u(n) = n + 5. Let g be (-11)/((-22)/15)*2/(-3). Let a be u(g). Suppose -7*d + d + 546 = a. List the prime factors of d.
7, 13
Let u = 2467 + -2229. What are the prime factors of u?
2, 7, 17
Suppose -518*f + 513*f + 1147 = 3*x, 3*f + 5*x = 669. What are the prime factors of f?
233
Let l(z) = -66 - 10*z + 2*z**3 + z**2 - 4*z**2 + 2*z**3 + z**3 + 33*z. List the prime factors of l(6).
2, 3, 29
Let d(j) = 149*j**2 - 11*j - 21. Let t = 699 - 701. List the prime factors of d(t).
3, 199
Let j(p) = -23*p - 30. Let q = 24 - 40. List the prime factors of j(q).
2, 13
Let t(o) = -1739*o - 2357. List the prime factors of t(-13).
2, 3, 5
Let k be 56/(-140) + (-202)/(-5). Let g = -37 + k. What are the prime factors of g?
3
Let y = 44199 + -30678. List the prime factors of y.
3, 4507
Suppose 3*k + 0*k - t = 19, 4*k - 57 = -5*t. Let s(h) = -10 + 2*h + k*h - 8*h. List the prime factors of s(13).
2
Let m be (-15)/(45/6) + -1. Let l(n) = -4*n - 3 - 5*n**3 - 4*n**2 - 16*n + 8*n + 0*n**3. List the prime factors of l(m).
2, 3, 11
Suppose -4*g - 2*f = -18, 2*g = 28*f - 24*f - 16. What are the prime factors of 1 + g + 0 - 6062/(-7)?
11, 79
Suppose -8*h + 6*h + 40 = o, 3*h - 179 = -5*o. Let f be (o - -4) + -4 - 2. What are the prime factors of (159/(-4))/(4 + (-140)/f)?
2, 53
Let q(h) = -73*h**3 + 2*h**2 + h. Let i = 140 + -212. Let y = 71 + i. List the prime factors of q(y).
2, 37
Let j = -97 - 58. Let l = -41 + 18. Let y = l - j. What are the prime factors of y?
2, 3, 11
What are the prime factors of 12/2 - (24 + -5034)?
2, 3, 11, 19
Suppose -5*i + 96 = v, -174 = -2*v - 0*v - 4*i. Let p = 15 + v. List the prime factors of p.
2, 3
Suppose 0 = 23*j - 18*j. Suppose 3*h + 2*p + 801 = 2110, 4*p + 16 = j. List the prime factors of h.
439
Let s(y) = -27*y + 9*y + 19*y + 16*y + 3 - 9. Suppose 5*f - 4*t = 43, -4*f + 34 = -4*t - 2. What are the prime factors of s(f)?
113
Let x be (64/(-20))/(28/(-11410)). Let j = x - 831. List the prime factors of j.
11, 43
Suppose -15*n + 15 = -18*n. Let d = 407 - n. What are the prime factors of d?
2, 103
Let o(r) = -29*r + 4. Let c be o(-4). Suppose 220 - c = a. List the prime factors of a.
2, 5
Suppose 3*z + 6 = -9, 4*m + 3*z - 15121 = 0. Suppose 5*u - 1956 = m. What are the prime factors of u?
2, 7, 41
Let m be (3 - 7 - -8 - 6) + 1642. Suppose 0 = 3*h + 5*h - m. Let k = 372 - h. What are the prime factors of k?
167
Let c = -103 + 259. Suppose 2*z - 3*z + c = 0. What are the prime factors of z/(-36)*(-14 - 1)?
5, 13
Let t = 3 - 6. Let s be (8/t)/(4/6). List the prime factors of ((-1)/3)/(s/60).
5
Let p = -312 - -177. Let q = 470 + p. List the prime factors of q.
5, 67
Suppose 898*i - 18930 = 893*i - 4*o, 2*i = o + 7559. List the prime factors of i.
2, 31, 61
Suppose 2*i = -b + 27, 2*i = -2*b + 5*b + 7. Suppose -5*k = 2*c - i, -5*k - 54 = -7*c + 4*c. What are the prime factors of c?
13
Suppose -55*w + 138196 = -1129939. List the prime factors of w.
23057
Suppose 418 = 2*m + 148. Let q = -90 + m. What are the prime factors of q?
3, 5
Let q(k) = 13*k**2 + 13*k + 19. Let c be q(-11). Suppose -5*w - 249 + c = 0. List the prime factors of w.
2, 3, 5
Let y(u) = u + 8. Suppose 0 = a - a + 2*a. Suppose -z = -2*z - a*z. List the prime factors of y(z).
2
Let n = 13184 - 5475. What are the prime factors of n?
13, 593
Let m(k) = k**3 + 19*k**2 + 19*k + 26. Let h be m(-18). Suppose -10234 = h*z - 22*z. List the prime factors of z.
17, 43
Let c(m) = m**3 - 9*m**2 - 52*m - 1. Let z be c(15). Let y = z + -336. List the prime factors of y.
233
Suppose 0 = 10*d - 140 + 40. Let z be 1205*2/d*1. Suppose f = z - 101. List the prime factors of f.
2, 5, 7
Let c(j) = -1211*j - 3925. List the prime factors of c(-30).
5, 6481
Suppose -135*o = -131*o + 4*q - 60276, -2*o + 30126 = -2*q. What are the prime factors of o?
2, 3, 31
Suppose -6*b + 111283 = 18*b - 49973. List the prime factors of b.
6719
List the prime factors of (-103594)/(2/(-1)) + (-3 - 2).
2, 3, 13, 83
Let i(b) = -53*b**3 - b**2 + 9*b - 3. Let o be i(-3). Suppose -88*l + o = -85*l. List the prime factors of l.
2, 29
List the prime factors of 41306/7 - (-5 + 82/14).
2, 5, 59
Suppose p + 4670 = 3*d, 5*d + 225*p = 223*p + 7787. List the prime factors of d.
3, 173
Let j = -16695 - -26439. What are the prime factors of j?
2, 3, 7, 29
Suppose -u + 4922 = 5*o - 4*o, 0 = -3*u + 5*o + 14750. List the prime factors of u.
2, 3, 5, 41
Suppose -3*n - 1008 = -3*h, -114 = -n - 4*h - 450. Let i = n + 656. Suppose -3*b + 5*u = -i, -3*u = -2*b - u + 220. List the prime factors of b.
5, 23
Suppose 23 = -4*d + 3*h, 6*h - 4*h = -5*d. List the prime factors of (-483)/(-3)*(d/(-2))/1.
7, 23
Suppose -3*z = 0, -f - 24860 = f - 4*f + 2*z. List the prime factors of f.
2, 5, 11, 113
Suppose 0 = -585*z + 4191049 + 4945910 - 489489. List the prime factors of z.
2, 19, 389
Let t = -6597 + 12249. List the prime factors of t.
2, 3, 157
Suppose -3880110 - 4429420 = -302*x. List the prime factors of x.
5, 5503
Let j = -852 - -864. Suppose -787 + 5251 = j*v. What are the prime factors of v?
2, 3, 31
Suppose v - 84 = -4*d, -121 + 457 = 4*v + 5*d. List the prime factors of ((-5028)/10)/(v/(-210)).
3, 419
What are the prime factors of ((-1710)/(-12))/(0 - -3)*(-13632)/(-20)?
2, 3, 19, 71
Let f(k) = 40*k - 29. Let h be f(13). Suppose h = 4*o - 1113. What are the prime factors of o?
401
Let m = -39 - -60. Let o(v) = -v**3 + 22*v**2 + 30*v - 100. What are the prime factors of o(m)?
971
What are the prime factors of (10 + (-7155)/(-60))*84?
3, 7, 11, 47
Suppose -8939 = 4*k - 11*k. Let d = k - 414. List the prime factors of d.
863
Let j = -102 - -101. List the prime factors of (-4 + j + 4 - -32)*11.
11, 31
Let s = 31 + -25. Let a be -72*(-87)/s + -4. Suppose -563 + 144 = -2*w - i, 5*w - a = -5*i. List the prime factors of w.
211
Let a = -3 + 2. Let l(w) = -62*w**2 - 11*w + 25. Let f(q) = -2*q + 4. Let n(z) = 6*f(z) - l(z). What are the prime factors of n(a)?
2, 31
Let p(l) = -1335*l + 7. Let s be p(2). Let n = -1467 - s. List the prime factors of n.
2, 13, 23
Suppose 5*j = -8*j - 13. What are the prime factors of j/9 - 15575/(-45)?
2, 173
Let w = 14 - 90. Let m = w + 206. Let z = m + -58. What are the prime factors of z?
2, 3
Suppose 2*s - 72 = 4*s. Let m = 33 + s. Let y(g) = 5*g**2 + 3*g + 2. List the prime factors of y(m).
2, 19
Let c(p) = p**2 - p. Let d(h) = -7*h**2 - 17*h - 3. Let w(u) = -c(u) + d(u). Let q(x) be the first derivative of w(x). List the prime factors of q(-12).
2, 11
Let w(h) = -h**3 - 4*h**2 + 10. Let y be w(-3). Let x(p) = 210*p - 7. What are the prime factors of x(y)?
7, 29
Let t be -9*(-1)/(-3)*(-6)/6. Suppose 13*f = 10*f + 12, z = t*f + 344. What are the prime factors of z?
2, 89
Let l(p) = 5*p - 48. Suppose -5*r - s = -50, 0*r - 3*s = 2*r - 33. Let h be l(r). List the prime factors of h*2/6 - -163.
2, 3
Let w = -47 + 47. Suppose 22*u - 24*u + 10 = w. Suppose -u*k + 94 = 5*l - 81, -2*l = 5*k - 169. What are the prime factors of k?
3, 11
Let i = 19000 + -4924. What are the prime factors of i?
2, 3, 17, 23
Suppose 4*c - 24 = 4*a, 0*c = 4*a - c + 21. Let m be 4/40*(-146 + 0)*a. Suppose 4*f = 3*v - m, 6*v - 5*f = 2*v + 98. List the prime factors of v.
3
Let b = -176 + 172. List the prime factors of 14394/42 - b/14.
7
Let d(i) = 183*i - 5. Let u(n) = -3*n + 22. Let m be u(7). Let c be d(m). Let g = 311 - c. What are the prime factors of g?
7, 19
Let m(j) = -44*j**3 - 3*j**2 + 2*j - 4. Let f(v) = 88*v**3 + 5*v**2 - 3*v + 8. Let w(l) = 3*f(l) + 5*m(l). List the prime factors of w(2).
2, 179
Suppose -14*g - 18*g + 61*g - 422443 = 0. List the prime factors of g.
7, 2081
Let j = 15 - 13. Suppose -c = -j*a - 2*c, 2*c = -3*a - 2. Suppose